t of (12128/48)/(2/43) + (-7)/21?
2
Suppose -31*n + 1401577 = 70*n. What is the units digit of n?
7
Let g = -39 - -41. Suppose -6*b + 3*k = -g*b - 8, -k = -5*b + 10. Suppose b*r = -z + 177 + 106, -3*z + 289 = 2*r. What is the units digit of r?
0
Suppose -3*q + 5*q = 22. Suppose q*h - 4220 - 11191 = 0. What is the hundreds digit of h/6 - 1*(-5)/10?
2
Let m(k) = 786*k - 36. Let p be m(3). Let u = p + -1291. What is the hundreds digit of u?
0
Suppose 8 = 5*y - 2*w, -w = w + 8. Suppose y = -2*d + 7*t - 3*t + 208, -3*d - 2*t = -272. What is the units digit of d?
4
What is the units digit of 31005/108 + (2 - (-100)/(-48))?
7
Let q(p) = 2*p**3 + 10*p**2 + 3*p + 10. Let j be q(-5). Let l(f) = -65*f - 30. What is the tens digit of l(j)?
9
Let t(h) = 54*h**2 - 51*h + 600. What is the thousands digit of t(12)?
7
Suppose -i = -6*x + 1232 + 13337, i + 7 = 0. What is the tens digit of x?
2
Let o be 30/(-2) - (-4)/(-4). Let b(n) = n**3 + 17*n**2 + 15*n - 13. Let z be b(o). What is the hundreds digit of (-1773)/(-12) + z/(-4)?
1
Let z(c) = -2 + 2*c**2 + 8 + 2 - 7*c + c**2 + 3. Let h = 1 + 5. What is the units digit of z(h)?
7
Let y(p) = -1831*p**3 - 15*p**2 - 5*p - 9. What is the thousands digit of y(-3)?
9
Let l = 646 + 422. Suppose -20*h + l = -16*h. What is the hundreds digit of h?
2
Let c(l) = -l**3 - 12*l**2 + 11*l + 10. Let k be c(-12). Let u be (546/(-15))/(5/25). Let m = k - u. What is the units digit of m?
0
Suppose -15614 = -14*q + 60434. What is the hundreds digit of q?
4
Let a be (-12)/(-20) + (-17)/(-5). Let j(h) = 255*h - 21. What is the tens digit of j(a)?
9
Suppose 274938 = -106*j + 1019073 + 2470209. What is the units digit of j?
4
Let g(v) = 66*v - 10. Let o be g(3). Suppose 182*w - o*w = -1776. What is the units digit of w?
6
Suppose -79964 = -3*n - 5*p, -146949 + 40325 = -4*n - 4*p. What is the thousands digit of n?
6
Suppose 0 = -3*u + 5*r + 800, -6 = -3*r - 0. Suppose s = -2*j + u, -j + 4*s = -2*j + 149. What is the hundreds digit of j?
1
Suppose 3*o - 19 - 14 = 0. Suppose 0 = -o*s + 761 - 2268. Let k = s + 142. What is the units digit of k?
5
Let q(r) = 2*r**3 - 10*r**2 + 16*r + 2. Let t be q(4). Suppose -5*h + 360 = 3*b, t = 2*h + b - 111. What is the tens digit of h?
7
What is the tens digit of 3*(8 + -5) + 5254?
6
Let m = -17813 - -18920. What is the units digit of m?
7
Suppose 0 = 2*q + 2 - 6. Let b be 20/(-16) - -1 - 449/(-4). Suppose -q*i - 14 + b = 0. What is the units digit of i?
9
Suppose -930 = -3*r + v + 389, -1 = -v. Let f = -140 + r. What is the units digit of f?
0
Let d = 40 - 42. Let l = 7 + d. Suppose l*z - 467 + 52 = 0. What is the units digit of z?
3
Let b(n) = n**2 + 26*n + 173. Let x be b(-13). Suppose -x*h + 29*a = 30*a - 1725, 5*h - 2*a - 2140 = 0. What is the tens digit of h?
3
Let v be (-4)/(-18) - -2*(-4)/36. Let r(y) = 11*y + 121. What is the units digit of r(v)?
1
Let n(h) = 10*h**2 - h - 1. Let l be n(-1). Let q be 38/l - (-16)/80. Suppose -q*t - 20 = 0, -4*r + 0*t + 492 = 4*t. What is the hundreds digit of r?
1
What is the tens digit of (((-32)/(-20))/((-7)/(-14385)) + -1)*1?
8
Let c(p) = 149*p**3 - p**2 + 25*p - 26. What is the units digit of c(4)?
4
What is the units digit of (-2)/3 + (-323)/285*-6995?
7
Let x(d) = -4*d**2 - 19*d - 6. Suppose -v = 0, -10 = -4*b + 5*v - 26. Let h be x(b). Suppose h*n - 12*n = -198. What is the units digit of n?
3
Let n be (-4)/22 + (138/33 - -5). Suppose -1530 = -n*b + 2772. What is the tens digit of b?
7
Let l(n) = 19*n - 3. Let f = -163 - -168. What is the tens digit of l(f)?
9
Let r(a) = -2617*a**3 + a**2 + 7*a + 5. What is the thousands digit of r(-2)?
0
Suppose -4*y = 3*q - 6908, 44*y - 4*q = 49*y - 8635. Suppose -5*s - 15 = 0, -5*s - y = -2*g - 20. What is the hundreds digit of g?
8
Let m(y) = y**2 - 5*y + 6. Suppose -57 = -3*h + 2*u - 4*u, 70 = 5*h - 5*u. Let b(a) = -a**2 + 16*a + 11. Let t be b(h). What is the tens digit of m(t)?
7
Suppose 0 = -3*s + 19 - 13. What is the hundreds digit of 3 - 2 - 4 - (s - 174)?
1
Let d(p) = p**3 - 8*p**2 + 10*p + 28. Let y be d(18). Suppose 2*j + 2425 = 5*a, -5*a + 5*j + y = 1038. What is the hundreds digit of a?
4
Let c be ((-2889)/(-6))/3*2. Let d = c + 65. What is the units digit of d?
6
Let w = 23500 + 22096. What is the ten thousands digit of w?
4
What is the tens digit of -12 - (-826)/70 - 19024*(-8)/10?
1
Let s = 591 - 603. What is the units digit of (-179 - 51)/(2/s)?
0
Suppose -2*o + 5833 = -4*z + 215, -4*o + 3*z + 11256 = 0. What is the hundreds digit of o?
8
Let r(n) = 30*n - 7. Let a be r(6). Suppose 16 = 3*j + j. Suppose -3*t + 126 = 3*z, -j*z + 3*t + a + 30 = 0. What is the units digit of z?
7
Let g(n) = 2*n**3 - 27*n**2 + 3*n + 24. Let p(t) = -t**3 + 14*t**2 - 2*t - 12. Let z(b) = -3*g(b) - 5*p(b). What is the units digit of z(9)?
9
Suppose -285 = 10*d - 995. Let h = d + -65. Suppose h*m = 420 + 372. What is the tens digit of m?
3
Let z(c) = -2*c**3 - 30*c**2 - 49*c - 9. Let u be z(-14). Suppose -51 = -3*y + 1260. Let j = y - u. What is the units digit of j?
2
Suppose -17966 = -3*t - 5*a + 25572, -3*a = 2*t - 29026. What is the ten thousands digit of t?
1
Let j = -4187 - -15882. What is the tens digit of j?
9
Let u(d) = -d + 8. Let k be u(8). Let n be (-4)/(-3) - 434/(-21). Suppose k = 27*l - 25*l - n. What is the units digit of l?
1
Let w = -449 - -127. Let l = w - -1288. What is the units digit of l?
6
Suppose -3*n - 2*r = r + 27, -r - 57 = 5*n. Let p = -19 - 25. What is the hundreds digit of p/(n/(-3))*-11?
1
What is the units digit of -18 + 1215423/135 - 2/15?
5
Let r(i) be the second derivative of -173*i**3/3 - 7*i**2 + 13*i. Let h be r(2). Let a = -497 - h. What is the hundreds digit of a?
2
Let u = -411 - -4182. What is the units digit of u?
1
Suppose -8*j = -31 + 7. Suppose -4*h = -4*w - 60, j*w - 4*w = 5*h - 3. Let a(k) = -k**2 - 27*k + 11. What is the hundreds digit of a(w)?
1
Let h(g) = g**3 - 6*g**2 - 3*g + 9. Let r(c) = -4*c**3 + 12*c**2 + 5*c - 18. Let t(k) = 5*h(k) + 2*r(k). What is the units digit of t(-6)?
1
Suppose 4*c - 2*a + 3392 = 2*a, a = 4*c + 3407. Let x = -297 - c. What is the units digit of x?
6
Let t(j) = -12*j - 15. Let x(f) = 41*f + 67. Let u(k) = -21*k - 33. Let r(i) = 5*u(i) + 2*x(i). Let s(v) = -4*r(v) + 7*t(v). What is the units digit of s(9)?
1
Let g = -6 - -6. Suppose -6*c = -0*c + 6. What is the tens digit of (0 - (-2)/c) + g + 37?
3
Let z = 29 + -20. Suppose 0 = k - 3*l - z, -k = l - 9 - 4. Let y(v) = 17*v + 15. What is the hundreds digit of y(k)?
2
Let k(b) = -b**2 - 222*b + 221. What is the units digit of k(-93)?
8
Let t(m) = m**2 - 4*m - 54. Let f(d) = -12*d**2 + d - 2. Let x be f(1). What is the hundreds digit of t(x)?
1
Suppose 78*s + 63 = 57*s. Let j be (3/6)/((-2)/200). What is the units digit of (0 - j/s)/(27/(-162))?
0
Suppose -3*i + 5 = -2*b + 6, 0 = 5*b - 25. Suppose i*j = -3*c - 15, -2*j + j - 1 = -c. What is the units digit of 15 + 3 + -1 + c?
5
Let t(r) = r**2 - 9*r - 6. Let q be t(11). Suppose -u - 16 = -2*i, q = u - 2*u + 3*i. Let g(s) = -10*s + 20. What is the hundreds digit of g(u)?
1
Let l = 30579 + -12536. What is the hundreds digit of l?
0
Let u be 4/(-18) + 610/(-90). Let z be 776/u + (-29)/203. Let p = -47 - z. What is the units digit of p?
4
Let p = 22383 + -13152. Suppose -35*h = -43724 - p. What is the tens digit of h?
1
Let r(g) = -2*g - 14. Let k(o) = 2*o. Let a be k(10). Let q be r(a). What is the units digit of (q/(-4))/((-1)/(-2))?
7
Suppose 51*u - 69*u + 85536 = 0. What is the tens digit of u?
5
Suppose 4*j = -j. Suppose 5*k - 28 - 17 = 0. Suppose j = k*a - 153 - 45. What is the tens digit of a?
2
Let g(r) = r**3 - 20*r + 1. Let i be g(-4). Suppose -12*f - 1475 = -i*f. What is the hundreds digit of f?
2
Suppose 128*y - 24 = 129*y. What is the hundreds digit of ((-76)/y)/(-19) + 2089/6?
3
Let n = -9 + 14. Suppose -3*p - 2*p = -3*h - 407, -n*h = -3*p + 241. Suppose -m = -b + p, 3*b = -4*m + 83 + 163. What is the tens digit of b?
8
Suppose 6537 - 1081 = 8*c. Let s = 1238 - c. What is the tens digit of ((s/(-3))/(-2))/((-70)/(-105))?
3
Let j = -3699 + 9731. What is the thousands digit of j?
6
Let p be 0*(-1)/(-4)*1/(-2). Suppose -9 = -2*k - 4*d - 1, p = -4*k - d + 37. Suppose 0 = -k*m + 8*m + 232. What is the tens digit of m?
1
Suppose -150 = 47*x +